 j(b) = -9*c(b) - 4*p(b). Let r be -2 + 8 + 2 + -1. Is j(r) prime?
True
Let p = 82340 + -58345. Is p a composite number?
True
Is (-6 - 6630/18)*(-3 - 0) a prime number?
True
Is (-2 - -7) + -9 - -42 prime?
False
Suppose q + 128 = 3*m + 3*q, -3*q - 153 = -3*m. Let j = 165 + m. Is j composite?
False
Suppose 18*l - 36816 = 128730. Is l a prime number?
False
Suppose 0 = -4*l - p + 131663, -4*l - 4*p = -2*l - 65814. Is l a prime number?
True
Let a(y) = 9*y**2 - y - 27. Is a(-5) a composite number?
True
Suppose 5*i = 2*u + 36, -i - i = 4*u. Suppose -966 = 9*k - i*k. Let b = k + 863. Is b composite?
False
Suppose -134798 = -8*w - 7590. Is w composite?
False
Is (-4)/((-72)/2103)*(6 + 0) prime?
True
Suppose 3*w + 5*u + 355 = 0, -5*w = -2*u - u + 637. Let f = 122 - w. Is f a prime number?
False
Let l = -1014 + 2836. Is l a prime number?
False
Suppose 131 = 4*s + i, 7*s = 8*s - i - 39. Is s a prime number?
False
Let d(k) = 18*k + 1. Suppose -3 = -5*s + 57. Let o(h) = 2*h - 17. Let u be o(s). Is d(u) a prime number?
True
Let j = -356182 - -517899. Is j composite?
False
Suppose -282120 = -17*s - 7*s. Is s a prime number?
False
Let q(s) = -45*s**2 - 5*s + 1. Let c(p) = 23*p**2 + 3*p - 1. Let w(i) = -5*c(i) - 3*q(i). Let n be (1 + (-6)/14)/(144/504). Is w(n) prime?
False
Suppose 0 = -2*j - 5*z + 642, j - 274 - 50 = -z. Suppose 7*r - 9*r = -j. Is r composite?
False
Let z(c) = 25*c**3 + 5*c**2 - 6*c + 1. Is z(4) composite?
False
Suppose 5*f - 1 = i - 0*i, 5*f - 4*i = 4. Suppose -2*m - 3*a + 446 = 0, -2*m = -0*m - a - 438. Suppose f*l = 4*l - m. Is l composite?
True
Suppose h + 3*h + 2*x = -50, -4*h + x = 53. Let r(d) = -d**3 - 6*d**2 - 11*d + 11. Is r(h) prime?
False
Suppose -3*h - s = -0*h + 24, 3*h + 2*s = -24. Suppose 3*r = 917 + 112. Let o = h + r. Is o prime?
False
Let a = -25 + 17. Let h = a + -3. Let c(q) = -q**3 - 9*q**2 - 16*q - 5. Is c(h) a composite number?
True
Let o = 6 + -12. Let n(x) = x**2 + 5*x - 3. Let t be n(o). Suppose -t*d - 1363 = -4*h, 0 = -3*h + 3*d + 831 + 195. Is h composite?
False
Let c be ((-9)/(-27))/(8/5862)*-4. Let o = 1408 + c. Is o prime?
True
Let y be 2 - 5/((-10)/4). Let s(q) = -2*q**3 - 8*q**2 - 7*q - 10. Let m be s(-7). Suppose m = y*j - j. Is j a prime number?
False
Let q be (-60)/((-3)/8*1). Let d = 107 + q. Is d a composite number?
True
Is (-1)/3*(-40 + -13031) a composite number?
False
Let u = -3 - -3. Suppose -p - 4*s = 15, -4*p + u*p - 160 = -4*s. Let n = p + 68. Is n composite?
True
Let m(w) = -219*w + 17. Let d be m(5). Let b = -69 - d. Is b prime?
True
Let w = 32664 - 12341. Is w a prime number?
True
Suppose 41 - 16 = 5*b. Suppose -y + 2*y + b*w = 330, 0 = -3*y + 4*w + 1009. Is y a prime number?
False
Let p(u) = 5*u - 5. Let i(h) = -h**2 - 4*h - 1. Let c be i(-3). Let m = 2 + c. Is p(m) prime?
False
Let i(c) be the first derivative of -11*c**4/2 + c**3/3 - 2*c**2 - 3*c + 31. Is i(-2) composite?
True
Suppose 75 + 105 = -6*z. Is 9 + -6 - z*1 composite?
True
Let q(r) = r**3 + 6*r**2 + 6*r - 12. Is q(5) a prime number?
True
Let h(p) = -2069*p + 177. Is h(-8) composite?
False
Suppose -3*x + 2*l + 3174 = 0, 7*l = 2*x + 6*l - 2116. Let h = x - 717. Is h a composite number?
True
Let f be (5217/(-6))/(-1) + (-21)/14. Let i = -565 + f. Is i a composite number?
True
Suppose 33*h - 106217 = 33604. Is h a composite number?
True
Let r be (-35)/2 - 2/4. Let p be 2/((-1)/r*2). Suppose -2*k + 340 = p. Is k a composite number?
True
Let q = -12 - -20. Suppose q*z - 3*z = 0. Suppose -46 = -2*y - 4*u, -2*u + 4*u + 8 = z. Is y composite?
False
Suppose 6*f + 266 = 914. Suppose -4*m = 3*y - y - f, 5*y = 2*m + 318. Is y a composite number?
True
Suppose 2*p = -3*p. Let g = 147 + 425. Suppose p = -3*s - s + g. Is s prime?
False
Suppose 0 = 3*o + f - 6*f - 11, -2*f = 2. Let d(h) = -8*h**o + h**3 + 14*h + 2 - 6 + 1. Is d(10) prime?
True
Suppose 29*m + 45290 = 137017. Is m composite?
False
Let i(l) = -l + 49. Let q be 16 - (-1 + -3)/4. Let p = q - 17. Is i(p) a prime number?
False
Suppose 22*s - 11*s - 2453 = 0. Is s composite?
False
Let t = 3185 - 1781. Let f = t + -851. Is f a prime number?
False
Let g(z) be the third derivative of 7*z**5/6 + z**4/6 - 2*z**3/3 - 6*z**2. Let a be g(3). Suppose 0*q - a = -2*q. Is q a composite number?
True
Let n(o) = 2*o**2 - 18*o + 17. Suppose f - 13 = -1. Is n(f) a composite number?
False
Let r(m) = 9324*m**2 - 20*m - 41. Is r(-3) composite?
True
Suppose 148*g = 143*g - 3*q + 49685, 4*g - q - 39731 = 0. Is g composite?
True
Let n = -12 - -12. Suppose -5*x = b - 4412, 4422 = -n*b + b - 5*x. Is b a composite number?
True
Let b = 168 - 249. Let a = b - -155. Is a a composite number?
True
Let r = -347 - -352. Let y = 865 + -365. Suppose -615 = -r*j + y. Is j prime?
True
Let l(i) = 6*i**2 + 3*i + 1. Let t be l(-2). Let h = 67 - t. Let m = h + 31. Is m a prime number?
True
Suppose -6 = 4*v - 14. Suppose 0 = i - 5, 5*i = -v*s + 13 - 0. Let c = 43 - s. Is c a composite number?
True
Suppose -10 = -4*c - c, -3*r - 4*c + 461 = 0. Suppose -r = 3*a - 856. Is a composite?
True
Let j = 76 + -41. Let n = 72 - j. Suppose 5*m - n - 273 = -3*w, 265 = 4*m - w. Is m a prime number?
False
Let z = 12081 + -7110. Is z a prime number?
False
Let a(t) = -t**3 + 2*t**2 + 12*t + 7. Let h be 24/(-32) - 58/8. Is a(h) composite?
True
Let f(y) be the first derivative of y**4/6 + 7*y**3/6 - y**2 - 5*y - 4. Let t(h) be the first derivative of f(h). Is t(-7) a prime number?
True
Let s be 24/3*(-2)/(-4). Suppose -a - 1 = -s. Suppose 4*y - a*n = 31, -3*n + 4*n = -2*y + 13. Is y composite?
False
Is ((-16621)/11)/((-6)/78) prime?
False
Is 2274 + -4*20/16 a composite number?
False
Is (-1)/(2459312/(-273256) + 9) composite?
False
Suppose 50 = 11*n - 6*n. Suppose 6*i = n*i. Let l = i + 97. Is l prime?
True
Let l = -6 + 10. Suppose 0*u - l*u = -32. Is u/36 + (-3261)/(-27) composite?
True
Suppose 12*v = 24*v - 36876. Is v a prime number?
False
Suppose 0*v + 5*m = -5*v + 65, 2*v + 4*m - 20 = 0. Is 3004/v*(5 + -1) a composite number?
False
Let m = -4 - -11. Suppose m*t + 230 = 12*t. Suppose h + 0*h - t = 3*g, 2*g = -2*h + 68. Is h composite?
False
Is ((-2)/4 + 0)/((-39)/47814) a prime number?
True
Let x(q) = -2*q**3 - 11*q**2 + 7*q + 4. Let s be x(-6). Is s - ((-1 - 1) + -113) a composite number?
False
Let b(s) be the third derivative of 3*s**2 - 1/6*s**3 + 22/15*s**5 + 0 + 0*s + 1/12*s**4. Is b(1) a composite number?
False
Let g(n) = -17*n + 7. Let f be g(2). Is (-9)/(f/3216) - 5 a prime number?
False
Let b = -33 - -36. Let x(v) = -v**b - v**2 - v - 3*v**2 - v**2 - 6. Is x(-8) composite?
True
Suppose -11*a = -926 - 5520. Is a a prime number?
False
Let k be (-9)/(-21) + (-152)/28. Let t(l) = 3*l + 5. Let q be t(k). Is (326 - 0)*(-5)/q a composite number?
False
Let s(w) = -3*w + 27. Let t be s(8). Suppose t*m + m - 2524 = 0. Is m a composite number?
False
Suppose 0 = -3*j - 1405 + 6532. Is j prime?
True
Suppose 40737 = 2*y - 46409. Is y a prime number?
True
Let c(b) = 24*b**2 + 9*b + 40. Is c(18) prime?
False
Suppose -24*y + 21*y = 0. Suppose y = 4*x - 5*i - 12741, -441 = x - 3*i - 3621. Let w = x - 1976. Is w composite?
False
Suppose 0*t = -4*r + t + 14, -2*t - 13 = -3*r. Let p = r - 1. Suppose b = 2*i + p*i + 29, 2*b + i = 76. Is b composite?
False
Let x = -19 + 3. Let s = x + 16. Suppose -5*n = -2*u - 487, -2*u + 4*u + 2 = s. Is n prime?
True
Suppose -3*c + 0*c + 85571 = h, 427787 = 5*h - 2*c. Is h a composite number?
True
Let r(d) = -15*d - 14*d - 13*d + 16*d + 1. Let c be r(5). Let n = c + 260. Is n prime?
True
Let j = -9511 - -14588. Is j a prime number?
True
Is (23/(-46))/(1/(-14374)) a prime number?
True
Let f = -1187 + 1796. Suppose -2*o = 3*q - f, o + 155 = 5*q - 860. Is q composite?
True
Suppose -48*p + 8864 = -35248. Is p prime?
True
Suppose 19*k = 22*k - 18. Suppose -2851 - 3737 = -k*u. Let c = 1600 - u. Is c a composite number?
True
Let x(w) = -2*w - 4. Let d be x(-3). Suppose -d*n + 50 = 3*n. Is ((-18)/n)/(39/(-325)) a composite number?
True
Let g(w) be the first derivative of 167*w**4/4 - 2*w**3/3 + w**2/2 - 5. Let t be g(1). Suppose n - t = -n. Is n composite?
False
Let a = 2348 - 1553. Suppose -2*q + 19 = -a. Is q composite?
True
Let k = 525 + -281. Let a = -33 + k. Is a composite?
False
Is (-3 - 9/((-18)/(-10588)))/(-1) composite?
Fa